(-4). What is the hundreds digit of ((-401)/(-4))/(k*5/(-40))?
4
Suppose -43 = -7*v - 15. Suppose -5*a - 5 = -4*a, 0 = 4*o - 5*a - 25. Suppose -6*q + v*q + 238 = o. What is the units digit of q?
9
Let v = -103 - -105. What is the hundreds digit of 143/(3/(7 + v))?
4
What is the units digit of 5/(-30) + (-24141)/(-18)?
1
Suppose -3 = -0*z - z. Suppose 2*x = 455 + 133. Suppose -2*c - n = 3*n - x, 3*n = z*c - 486. What is the hundreds digit of c?
1
Let s = -5096 - -7701. What is the tens digit of s?
0
Let a = 38654 - 15184. What is the ten thousands digit of a?
2
Let z(t) = -4130*t - 697. What is the tens digit of z(-4)?
2
Suppose 85*p + 12 = 79*p. What is the tens digit of (0 - 545/(-15))/(p/(-6))?
0
Let f = -13 - -15. Suppose f*z + z = -2*y, 0 = -z - 2. What is the units digit of -2 - y/(9/(-159))?
1
Let a = 81354 + -48401. What is the thousands digit of a?
2
Let k = 7720 - 484. What is the thousands digit of k?
7
Suppose 0 = -5*c + 20 - 95. Let b = -12 - c. Suppose -5*i + 214 = -3*j, -127 = -3*i + 4*j - b. What is the units digit of i?
4
Let n = -79 + 82. Suppose -7*k + 8 = -n*k. Suppose l - 54 = -5*r, -l - 2*l = k*r - 32. What is the units digit of r?
0
Let u be 329 - (-6 - (-5 - -4) - -6). Let b = u + -314. What is the tens digit of b?
1
Suppose -l = 3*l + 4*j - 12, -l + 5*j - 27 = 0. Let k = 9 + l. Suppose 3*q - k*q = -92. What is the units digit of q?
3
Suppose -6 = 5*q - 16. Let d(a) = 14*a**3 + 9*a**q + 14*a**3 - 27*a**3 + 12 - a. What is the tens digit of d(-9)?
2
Let h(o) = 7*o**3 - 6*o**2 - 2*o - 1739. Let q(x) = -10*x**3 + 9*x**2 + 3*x + 2608. Let c(i) = 7*h(i) + 5*q(i). What is the hundreds digit of c(0)?
8
Let b be -1*(-10)/(-55) - 656/22. Let v be 4/b + 3568/(-15). Let q = v + 342. What is the hundreds digit of q?
1
Let h(l) = 8*l + 0*l - 2*l + 4*l - l**2 - 6. Let p be h(10). What is the units digit of (-320)/p*3/(-4)*-2?
0
Let r(w) = 639*w - 2137. What is the units digit of r(16)?
7
Let h(d) = -2*d + 48. Let r be h(23). Suppose -678 = -4*i + m, -5*i = r*m - m - 852. What is the tens digit of i?
7
Let w(c) = 3*c - 19. Let h be w(8). Let f be (-1 + (1 - -1))*h. Suppose 2*j - 3 = -j, 3*t - f*j - 88 = 0. What is the tens digit of t?
3
Let y(u) = 10*u**2 + 11*u**3 + 24 - 8*u**3 + 15*u - 4*u**3 + 12*u**2. What is the units digit of y(21)?
0
Let c(f) = 9*f**2 + 277*f - 39. What is the tens digit of c(-34)?
4
Let s(z) = 6*z - 105. Let w be s(18). Suppose -4*o + 2*k + 722 = 0, w*k + 709 = 4*o - 12. What is the tens digit of o?
8
Suppose 12203 - 1514 = h. What is the ten thousands digit of h?
1
Suppose -2*d + 235 = -441. Suppose d = g - 82. What is the units digit of g?
0
Suppose 4*z + 14 = -2*b - 0*z, 5*z = 4*b - 11. What is the tens digit of ((-7)/9 - b) + (-109737)/(-81)?
5
Suppose -4*c - 4*h = -8355 - 8433, h - 25207 = -6*c. What is the units digit of c?
2
Suppose -4*f = 3*v - 1 - 0, 2*f - 18 = 2*v. Let w(y) = -2*y**2 + 55*y + 13. Let u be w(19). Suppose -6*p + f*p + u = 0. What is the units digit of p?
8
Suppose 76*h - 1433 = 619563. What is the units digit of h?
1
Let w(i) = -7*i**2 - 1. Let x be w(1). Let u(m) = -45*m - 39. What is the hundreds digit of u(x)?
3
What is the thousands digit of (-12)/(-3) + -2*(-2 - 5158)?
0
Let c be 1/(-4) + (-5 - 333/(-36)). Suppose -5*x - 7*y + 2687 = -c*y, 2683 = 5*x + 2*y. What is the units digit of x?
5
Suppose -l + 2*l = -3*q - 10, 6 = -2*q. Let d be 1660/30 + l/3. What is the units digit of (-2)/(d/15 + 1*-4)?
6
Let t(z) = z**2 + 22*z - 87. What is the units digit of t(17)?
6
Let f(h) = -30*h + 30. Let l be f(-7). Let p = l - -3. What is the hundreds digit of p?
2
Let z = -115 + 121. Let k(r) = 125*r - 9. What is the tens digit of k(z)?
4
Suppose -31*l = -19*l - 24. Suppose -3*v - 1 - 8 = 0, -4*m = -l*v - 1130. What is the tens digit of m?
8
Let o be (1 - 2)*(-5)/1. Suppose -o*g - 3*k + 2166 = 0, -1731 = -4*g - 9*k + 6*k. What is the tens digit of g?
3
Let v = -36 + 42. Suppose r = 3*r - v. Suppose a - 13 = -s - 0*s, r*s + 4*a - 43 = 0. What is the units digit of s?
9
Let j = -17827 + 35535. What is the ten thousands digit of j?
1
Suppose -6*y - 2153 = 6283. Let b = -435 - y. What is the units digit of b?
1
Let j be 283 - (4 - (-4 + 3)*-7). Let b = 408 - j. What is the tens digit of b?
2
What is the hundreds digit of (-7961)/(-11*(-16)/(-528))?
8
Suppose 11 = p + 189. Let f = 90 + p. Let s = f - -180. What is the tens digit of s?
9
Suppose u = -4*p - 4, 0*p - 5*p + 1 = 2*u. Let s = -282 + 262. What is the tens digit of 90/s*u/(-3)?
1
Let y = -983 + 1474. Suppose 3*c - 472 = y. What is the units digit of c?
1
Suppose -3654 = -16*t + 34*t. Let c = 459 - t. What is the hundreds digit of c?
6
Let z(c) = -490*c**3 + 5*c - 5 + 21*c**3 + 7 + 3*c**2. What is the units digit of z(-1)?
9
Let p = -3101 - -6233. Suppose 0 = -41*u + 35*u + p. What is the hundreds digit of u?
5
Let n be ((-9)/(-4))/((-10)/(-200)). What is the units digit of 7865/n + (-10)/(-45)?
5
Suppose -3*k + 13404 = 4*q, -2*q = 6*k - 3*k - 13398. Suppose 5*p - k = -p. Suppose -7*j + p = j. What is the tens digit of j?
9
Suppose q + 3869 = 4*r, -5*q - 19345 = 5*r - 2*r. Let v = 5559 + q. Suppose 0 = 7*a - 207 - v. What is the hundreds digit of a?
2
Let d = 13546 - 10021. What is the units digit of d?
5
Let m(v) = -2*v**3 + 9*v**2 + 104*v + 6. What is the units digit of m(-14)?
2
Let w(x) = 8*x + 21. Let s = 94 + -70. What is the hundreds digit of w(s)?
2
Let s(z) = -z**3 + 3*z**2 - 2. Let k(w) = 3*w - 16. Let c be k(6). Let x be s(c). Let o = x - -54. What is the units digit of o?
6
Let f be (25*(-20)/(-25))/(-2). Let m(z) = 16*z + 20*z**2 - 7*z**2 + 17 + z**3 + 0*z**3. What is the hundreds digit of m(f)?
1
Suppose 0 = 5*k + 3*i + 2 - 1, 0 = 2*k + 2*i - 2. Let c(g) = 135*g**2 - 10*g - 7. What is the units digit of c(k)?
3
Let f = 138 - -24675. What is the thousands digit of f?
4
Suppose -3*p + 2*z + 13 = 0, z + 4 = 10*p - 11*p. What is the hundreds digit of ((-12760)/(-33))/(p/(3/1))?
1
Let o(l) = -106*l - 1173. What is the hundreds digit of o(-39)?
9
Let n = -378 - -957. Let o = 385 + n. What is the units digit of o?
4
Let y(x) = 42*x**2 - 12*x - 17. What is the thousands digit of y(7)?
1
Suppose 0 = -2*x + 4*a + 8 - 30, 1 = a. Let u(v) = v**3 + 10*v**2 - 11*v + 1. Let k be u(x). Let l = 322 - k. What is the tens digit of l?
4
Let o(p) = -49*p. Let v be o(-3). Let t = -81 + 2. Let r = v + t. What is the units digit of r?
8
What is the tens digit of (-12)/(12/3) + 3089?
8
Let m(r) = -717*r + 2997. What is the tens digit of m(-15)?
5
What is the units digit of 4/38 - 3*105519/(-19)?
1
Suppose 2*p - 42 = -5*f + f, -65 = -5*f - 5*p. Suppose -3*g = f*g - 33. Let n(k) = k**3 + 2*k**2 - 4*k. What is the units digit of n(g)?
3
Let j = -7555 + 23465. What is the tens digit of j?
1
Let v(j) = 4*j + 1. Let o(p) = 4*p + 2. Let a(w) = -6*o(w) + 7*v(w). Let l be a(1). What is the tens digit of -15*(39/(-9) + l)?
8
Let h(t) = -23*t + 32. Let l(c) = c**3 + 4*c**2 + c - 6. Let p be l(-3). Suppose n + q - 4*q + 22 = p, 0 = -2*n - 5*q + 11. What is the hundreds digit of h(n)?
1
Suppose -w + 5*w = 20. Suppose 0 = 15*d - 14*d - w. Suppose 0 = -d*q - 2*q + 1050. What is the tens digit of q?
5
Let d be (-3 - -4 - 2)*0. Suppose y - 123 = -4*b, 2*y = -d*b + 4*b + 294. What is the units digit of y?
9
Let v = -8173 + 18837. What is the thousands digit of v?
0
Suppose 21*r - 25711 - 10913 = 0. What is the thousands digit of r?
1
Let q(d) = -17*d**3 - 2*d**2 - 15*d - 8. Let v be -6*(33/9 + -3). What is the thousands digit of q(v)?
1
Let f be (-165 - 2)*1*-1. Suppose -164*n = -f*n + 852. What is the units digit of n?
4
Let b(d) = -d - 3. Let s be b(-7). Suppose g + 403 = 2*g - s*z, 5*z + 1202 = 3*g. Suppose 3*p = 6*p - g. What is the hundreds digit of p?
1
Let h(x) = -x**3 - 21*x**2 + 12*x - 42. Let a be 46/23 - (3 - 1 - -22). What is the units digit of h(a)?
8
Suppose 0 = -2*w - 3*o + 18, -4*w + 2*o = -0*o - 4. Suppose -3*q = w*a - 1320, 3*a = 5*q + 1734 - 430. Suppose 12*s = a + 942. What is the units digit of s?
5
Let z(y) = -488*y + y**2 + 482*y - 2 + y**3 + 3 + 4*y**2. Let s be z(-5). Let v = 62 + s. What is the tens digit of v?
9
Suppose 108 = 8*q - 36. Suppose -j = 5*z - 2*j - q, -4*j = -5*z + 27. Suppose -4*s - v + 49 - 11 = 0, -29 = -z*s - v. What is th